3212817
List the prime factors of 54863557.
7, 631, 12421
What are the prime factors of 241018327?
11, 593, 3359
What are the prime factors of 35302716?
2, 3, 108959
What are the prime factors of 44328672?
2, 3, 19, 8101
What are the prime factors of 181763118?
2, 3, 10097951
What are the prime factors of 220573629?
3, 263, 93187
List the prime factors of 90284542.
2, 19, 41, 167, 347
List the prime factors of 93318919.
769, 121351
List the prime factors of 359598716.
2, 1871, 48049
What are the prime factors of 77702991?
3, 547, 47351
List the prime factors of 48854624.
2, 7, 13, 19, 883
What are the prime factors of 138769132?
2, 599, 57917
List the prime factors of 94325591.
31, 3042761
What are the prime factors of 8646371054?
2, 17, 29, 71, 113, 1093
List the prime factors of 261295522.
2, 130647761
What are the prime factors of 982747169?
17, 137, 509, 829
What are the prime factors of 3160390007?
3160390007
What are the prime factors of 11281499?
673, 16763
List the prime factors of 624069329.
13, 53, 905761
What are the prime factors of 117567153?
3, 11, 395849
List the prime factors of 164970669.
3, 17, 3234719
What are the prime factors of 5199108138?
2, 3, 7, 1487, 27749
List the prime factors of 95889485.
5, 19, 83, 12161
List the prime factors of 510478850.
2, 5, 7, 911, 1601
List the prime factors of 67968781.
3593, 18917
List the prime factors of 1802620690.
2, 5, 13, 13866313
What are the prime factors of 685488271?
13, 739, 71353
What are the prime factors of 43447559?
1823, 23833
List the prime factors of 337255490.
2, 5, 11, 13, 181, 1303
What are the prime factors of 4607450910?
2, 3, 5, 163, 34897
What are the prime factors of 291398721?
3, 97132907
What are the prime factors of 326874786?
2, 3, 7, 691, 1609
List the prime factors of 395078380.
2, 5, 19753919
What are the prime factors of 238069339?
238069339
List the prime factors of 154654560.
2, 3, 5, 211, 509
List the prime factors of 593445.
3, 5, 39563
List the prime factors of 8447328460.
2, 5, 13187, 32029
What are the prime factors of 670440004?
2, 13, 19, 43, 367
What are the prime factors of 2595925118?
2, 1297962559
List the prime factors of 496995095.
5, 99399019
List the prime factors of 1791206805.
3, 5, 1601, 74587
What are the prime factors of 6844038522?
2, 3, 691, 1650757
What are the prime factors of 47258065?
5, 37, 467, 547
List the prime factors of 1268096149.
1268096149
What are the prime factors of 957498431?
1277, 749803
What are the prime factors of 39888596?
2, 11, 17, 53327
What are the prime factors of 81087582?
2, 3, 13514597
What are the prime factors of 62018848?
2, 31, 101, 619
What are the prime factors of 1657832795?
5, 1451, 228509
What are the prime factors of 4411625447?
19, 251, 925063
List the prime factors of 1296272507.
1296272507
What are the prime factors of 41714046?
2, 3, 11, 457, 461
What are the prime factors of 315427311?
3, 11682493
What are the prime factors of 399939961?
53, 7546037
List the prime factors of 295501652.
2, 271, 272603
What are the prime factors of 97705221?
3, 32568407
List the prime factors of 1803524638.
2, 901762319
What are the prime factors of 130575258?
2, 3, 11, 19, 61, 569
List the prime factors of 229285620.
2, 3, 5, 23, 18461
What are the prime factors of 7366356838?
2, 3683178419
List the prime factors of 98590751.
7, 14084393
List the prime factors of 1927049688.
2, 3, 17, 37, 2503
What are the prime factors of 229251990?
2, 3, 5, 11, 293, 2371
What are the prime factors of 119722340?
2, 5, 5986117
What are the prime factors of 20652066?
2, 3, 191, 6007
List the prime factors of 86383119.
3, 233, 123581
List the prime factors of 111541125.
3, 5, 37, 8039
List the prime factors of 257889734.
2, 257, 501731
List the prime factors of 263309707.
193, 1364299
List the prime factors of 400979020.
2, 5, 13, 233, 6619
List the prime factors of 134321839.
134321839
What are the prime factors of 1316251897?
101, 883, 14759
List the prime factors of 4498928822.
2, 12203, 184337
What are the prime factors of 864355678?
2, 2309, 187171
What are the prime factors of 1004749546?
2, 139, 3614207
What are the prime factors of 587261680?
2, 5, 1579, 4649
What are the prime factors of 260474889?
3, 86824963
List the prime factors of 467839616.
2, 3654997
List the prime factors of 2031432404.
2, 23, 71, 310997
List the prime factors of 152368918.
2, 13, 5860343
What are the prime factors of 13001504?
2, 37, 79, 139
List the prime factors of 71493335.
5, 2137, 6691
What are the prime factors of 272401124?
2, 907, 75083
List the prime factors of 216086827.
11, 61, 322037
What are the prime factors of 790754694?
2, 3, 17, 271, 28607
What are the prime factors of 640279661?
7, 29, 131, 24077
What are the prime factors of 2014898999?
12689, 158791
List the prime factors of 71522481.
3, 23840827
What are the prime factors of 341452699?
7, 29, 181, 9293
What are the prime factors of 1703247989?
19, 419, 213949
List the prime factors of 1517811355.
5, 137, 2215783
List the prime factors of 5910152713.
691, 8553043
List the prime factors of 4631956602.
2, 3, 7, 13, 8483437
What are the prime factors of 1032411612?
2, 3, 673, 127837
List the prime factors of 99407405.
5, 19881481
List the prime factors of 4294846914.
2, 3, 715807819
What are the prime factors of 3565238600?
2, 5, 7, 11, 37, 6257
What are the prime factors of 3134255999?
7, 447750857
What are the prime factors of 96773055?
3, 5, 233, 27689
What are the prime factors of 199116964?
2, 461, 107981
What are the prime factors of 1187890734?
2, 3, 197981789
What are the prime factors of 300707690?
2, 5, 53, 113, 5021
What are the prime factors of 4033601318?
2, 2016800659
What are the prime factors of 753840264?
2, 3, 439, 71549
What are the prime factors of 3176746630?
2, 5, 1087, 292249
What are the prime factors of 2350783615?
5, 470156723
List the prime factors of 1315639843.
7, 17, 251, 2591
What are the prime factors of 1567346949?
3, 7, 31, 267511
List the prime factors of 182441187.
3, 1367, 4943
What are the prime factors of 20401715?
5, 883, 4621
What are the prime factors of 1798975525?
5, 47, 233, 6571
List the prime factors of 95962997.
13, 271, 27239
List the prime factors of 681048970.
2, 5, 7, 67, 145213
List the prime factors of 169296371.
169296371
List the prime factors of 46086850.
2, 5, 921737
What are the prime factors of 301546512?
2, 3, 2094073
What are the prime factors of 2340018521?
2340018521
List the prime factors of 417371669.
11, 13, 173, 16871
List the prime factors of 15803241.
3, 5267747
What are the prime factors of 1707631260?
2, 3, 5, 47, 605543
List the prime factors of 272748848.
2, 17046803
What are the prime factors of 105409693?
29, 67, 54251
List the prime factors of 33804072.
2, 3, 469501
List the prime factors of 1125393611.
23, 101, 484457
List the prime factors of 433480283.
229, 1892927
List the prime factors of 61303552.
2, 43, 5569
List the prime factors of 2401898458.
2, 14221, 84449
What are the prime factors of 167251010?
2, 5, 149, 112249
List the prime factors of 99269657.
31, 3202247
List the prime factors of 6408531043.
6408531043
List the prime factors of 103592237.
7, 17, 19, 45817
List the prime factors of 3780122706.
2, 3, 210006817
What are the prime factors of 283779244?
2, 7, 23, 440651
List the prime factors of 3165630762.
2, 3, 7, 47, 1603663
What are the prime factors of 60951864?
2, 3, 2539661
What are the prime factors of 109232533?
109232533
What are the prime factors of 460484775?
3, 5, 1049, 1951
What are the prime factors of 61110390?
2, 3, 5, 11, 185183
What are the prime factors of 3076190523?
3, 7, 193, 431, 587
List the prime factors of 967965112.
2, 5167, 23417
What are the prime factors of 57453824?
2, 224429
List the prime factors of 92410783.
31, 2980993
What are the prime factors of 1007923422?
2, 3, 11, 15271567
What are the prime factors of 317695667?
29, 10955023
What are the prime factors of 62768052?
2, 3, 1743557
List the prime factors of 2826889083.
3, 23, 3089, 4421
List the prime factors of 3302341321.
107, 30863003
What are the prime factors of 378208685?
5, 2687, 28151
List the prime factors of 2286923675.
5, 269, 340063
What are the prime factors of 286536436?
2, 37